{"id":3040,"date":"2022-11-02T11:00:10","date_gmt":"2022-11-02T10:00:10","guid":{"rendered":"https:\/\/www.lacroixdusud.fr\/domaine-de-la-vigne-barbe\/"},"modified":"2022-11-02T11:00:11","modified_gmt":"2022-11-02T10:00:11","slug":"domaine-de-la-vigne-barbe","status":"publish","type":"page","link":"https:\/\/www.lacroixdusud.fr\/es\/domaine-de-la-vigne-barbe\/","title":{"rendered":"Domaine de la Vigne Barb\u00e9"},"content":{"rendered":"\n<section class=\"wp-container-69f5bdbd76953 wp-block-group a-00-a\"><div class=\"wp-block-group__inner-container\">\n<div class=\"wp-block-cover alignfull\"><span aria-hidden=\"true\" class=\"has-white-background-color has-background-dim-0 wp-block-cover__gradient-background has-background-dim\"><\/span><img loading=\"lazy\" width=\"1920\" height=\"1184\" class=\"wp-block-cover__image-background wp-image-1222\" alt=\"\" src=\"https:\/\/www.lacroixdusud.fr\/wp-content\/uploads\/2022\/07\/vigne02.jpg\" style=\"object-position:52% 52%\" data-object-fit=\"cover\" data-object-position=\"52% 52%\" srcset=\"https:\/\/www.lacroixdusud.fr\/wp-content\/uploads\/2022\/07\/vigne02.jpg 1920w, https:\/\/www.lacroixdusud.fr\/wp-content\/uploads\/2022\/07\/vigne02-300x185.jpg 300w, https:\/\/www.lacroixdusud.fr\/wp-content\/uploads\/2022\/07\/vigne02-1024x631.jpg 1024w, https:\/\/www.lacroixdusud.fr\/wp-content\/uploads\/2022\/07\/vigne02-768x474.jpg 768w, https:\/\/www.lacroixdusud.fr\/wp-content\/uploads\/2022\/07\/vigne02-1536x947.jpg 1536w\" sizes=\"(max-width: 1920px) 100vw, 1920px\" \/><div class=\"wp-block-cover__inner-container\">\n<h1 class=\"has-text-align-center has-white-color has-text-color\" id=\"domaine-de-la-vigne-barbe\">Domaine de la vigne Barb\u00e9<\/h1>\n<\/div><\/div>\n<\/div><\/section>\n\n<section class=\"wp-container-69f5bdbd77162 wp-block-group b-25-c\"><div class=\"wp-block-group__inner-container\">\n<div class=\"wp-block-columns\">\n<div class=\"wp-block-column\">\n<p>Situado en la llanura del Rosell\u00f3n, en una superficie de unas cincuenta hect\u00e1reas, el Domaine de la Vigne Barb\u00e9 goza de un sol excepcional durante todo el a\u00f1o.<\/p>\n\n\n\n<p>Nuestros diferentes vinos se cultivan de forma org\u00e1nica y se elaboran a partir de variedades de uva nobles como Merlot, Syrah, Grenache Noirs y Blancs, Chardonnay, Carignan, as\u00ed como Muscats d&#8217;Alexandrie y Petit Grain.<\/p>\n\n\n\n<p>Ofrecemos visitas gratuitas a la finca, un paseo en un trenecito por los vi\u00f1edos y una degustaci\u00f3n durante la temporada alta (de junio a septiembre).<\/p>\n\n\n\n<div class=\"wp-block-group encart-information\"><div class=\"wp-block-group__inner-container\">\n<p><strong>Informaci\u00f3n y reservas por tel\u00e9fono: 04 68 52 32 23<\/strong><\/p>\n\n\n\n<p>Direcci\u00f3n: Domaine De La Vigne Barb\u00e9, Chemin du Mas Rovira 66530 CLAIRA<\/p>\n<\/div><\/div>\n\n\n\n<div class=\"wp-container-69f5bdbd76daf wp-block-buttons\">\n<div class=\"wp-block-button btn_resa\"><a class=\"wp-block-button__link\">Reservar mi estancia<\/a><\/div>\n\n\n\n<div class=\"wp-block-button\"><a class=\"wp-block-button__link\" href=\"https:\/\/www.lacroixdusud.fr\/es\/\">Volver a la p\u00e1gina de inicio<\/a><\/div>\n<\/div>\n<\/div>\n\n\n\n<div class=\"wp-block-column\">\n<figure class=\"wp-block-image size-full\"><img loading=\"lazy\" width=\"640\" height=\"427\" src=\"https:\/\/www.lacroixdusud.fr\/wp-content\/uploads\/2022\/07\/grappe-vigne.jpg\" alt=\"\" class=\"wp-image-1113\" srcset=\"https:\/\/www.lacroixdusud.fr\/wp-content\/uploads\/2022\/07\/grappe-vigne.jpg 640w, https:\/\/www.lacroixdusud.fr\/wp-content\/uploads\/2022\/07\/grappe-vigne-300x200.jpg 300w\" sizes=\"(max-width: 640px) 100vw, 640px\" \/><\/figure><\/div>\n<\/div>\n<\/div><\/section>\n","protected":false},"excerpt":{"rendered":"<p>Situado en la llanura del Rosell\u00f3n, en una superficie de unas cincuenta hect\u00e1reas, el Domaine de la Vigne Barb\u00e9 goza de un sol excepcional durante todo el a\u00f1o. Nuestros diferentes vinos se cultivan de forma org\u00e1nica y se elaboran a partir de variedades de uva nobles como Merlot, Syrah, Grenache Noirs y Blancs, Chardonnay, Carignan, [&hellip;]<\/p>\n","protected":false},"author":1,"featured_media":3691,"parent":0,"menu_order":0,"comment_status":"closed","ping_status":"closed","template":"","meta":[],"acf":[],"_links":{"self":[{"href":"https:\/\/www.lacroixdusud.fr\/es\/wp-json\/wp\/v2\/pages\/3040"}],"collection":[{"href":"https:\/\/www.lacroixdusud.fr\/es\/wp-json\/wp\/v2\/pages"}],"about":[{"href":"https:\/\/www.lacroixdusud.fr\/es\/wp-json\/wp\/v2\/types\/page"}],"author":[{"embeddable":true,"href":"https:\/\/www.lacroixdusud.fr\/es\/wp-json\/wp\/v2\/users\/1"}],"replies":[{"embeddable":true,"href":"https:\/\/www.lacroixdusud.fr\/es\/wp-json\/wp\/v2\/comments?post=3040"}],"version-history":[{"count":1,"href":"https:\/\/www.lacroixdusud.fr\/es\/wp-json\/wp\/v2\/pages\/3040\/revisions"}],"predecessor-version":[{"id":3041,"href":"https:\/\/www.lacroixdusud.fr\/es\/wp-json\/wp\/v2\/pages\/3040\/revisions\/3041"}],"wp:featuredmedia":[{"embeddable":true,"href":"https:\/\/www.lacroixdusud.fr\/es\/wp-json\/wp\/v2\/media\/3691"}],"wp:attachment":[{"href":"https:\/\/www.lacroixdusud.fr\/es\/wp-json\/wp\/v2\/media?parent=3040"}],"curies":[{"name":"wp","href":"https:\/\/api.w.org\/{rel}","templated":true}]}}

Domaine de la Vigne Barbé

<section class="wp-container-69f5bdbd76953 wp-block-group a-00-a"><div class="wp-block-group__inner-container">
<div class="wp-block-cover alignfull"><span aria-hidden="true" class="has-white-background-color has-background-dim-0 wp-block-cover__gradient-background has-background-dim"></span><img loading="lazy" width="1920" height="1184" class="wp-block-cover__image-background wp-image-1222" alt="" src="https://www.lacroixdusud.fr/wp-content/uploads/2022/07/vigne02.jpg" style="object-position:52% 52%" data-object-fit="cover" data-object-position="52% 52%" srcset="https://www.lacroixdusud.fr/wp-content/uploads/2022/07/vigne02.jpg 1920w, https://www.lacroixdusud.fr/wp-content/uploads/2022/07/vigne02-300x185.jpg 300w, https://www.lacroixdusud.fr/wp-content/uploads/2022/07/vigne02-1024x631.jpg 1024w, https://www.lacroixdusud.fr/wp-content/uploads/2022/07/vigne02-768x474.jpg 768w, https://www.lacroixdusud.fr/wp-content/uploads/2022/07/vigne02-1536x947.jpg 1536w" sizes="(max-width: 1920px) 100vw, 1920px" /><div class="wp-block-cover__inner-container">
<h1 class="has-text-align-center has-white-color has-text-color" id="domaine-de-la-vigne-barbe">Domaine de la vigne Barbé</h1>
</div></div>
</div></section>

<section class="wp-container-69f5bdbd77162 wp-block-group b-25-c"><div class="wp-block-group__inner-container">
<div class="wp-block-columns">
<div class="wp-block-column">
<p>Situado en la llanura del Rosellón, en una superficie de unas cincuenta hectáreas, el Domaine de la Vigne Barbé goza de un sol excepcional durante todo el año.</p>



<p>Nuestros diferentes vinos se cultivan de forma orgánica y se elaboran a partir de variedades de uva nobles como Merlot, Syrah, Grenache Noirs y Blancs, Chardonnay, Carignan, así como Muscats d&#8217;Alexandrie y Petit Grain.</p>



<p>Ofrecemos visitas gratuitas a la finca, un paseo en un trenecito por los viñedos y una degustación durante la temporada alta (de junio a septiembre).</p>



<div class="wp-block-group encart-information"><div class="wp-block-group__inner-container">
<p><strong>Información y reservas por teléfono: 04 68 52 32 23</strong></p>



<p>Dirección: Domaine De La Vigne Barbé, Chemin du Mas Rovira 66530 CLAIRA</p>
</div></div>



<div class="wp-container-69f5bdbd76daf wp-block-buttons">
<div class="wp-block-button btn_resa"><a class="wp-block-button__link">Reservar mi estancia</a></div>



<div class="wp-block-button"><a class="wp-block-button__link" href="https://www.lacroixdusud.fr/es/">Volver a la página de inicio</a></div>
</div>
</div>



<div class="wp-block-column">
<figure class="wp-block-image size-full"><img loading="lazy" width="640" height="427" src="https://www.lacroixdusud.fr/wp-content/uploads/2022/07/grappe-vigne.jpg" alt="" class="wp-image-1113" srcset="https://www.lacroixdusud.fr/wp-content/uploads/2022/07/grappe-vigne.jpg 640w, https://www.lacroixdusud.fr/wp-content/uploads/2022/07/grappe-vigne-300x200.jpg 300w" sizes="(max-width: 640px) 100vw, 640px" /></figure></div>
</div>
</div></section>

<p>Situado en la llanura del Rosellón, en una superficie de unas cincuenta hectáreas, el Domaine de la Vigne Barbé goza de un sol excepcional durante todo el año. Nuestros diferentes vinos se cultivan de forma orgánica y se elaboran a partir de variedades de uva nobles como Merlot, Syrah, Grenache Noirs y Blancs, Chardonnay, Carignan, [&hellip;]</p>
